 when 182463095 is divided by 36117.
11
What is the remainder when 643606282 is divided by 2721?
2710
Calculate the remainder when 10618 is divided by 82.
40
What is the remainder when 18081886 is divided by 9040919?
48
What is the remainder when 19073004 is divided by 106?
0
Calculate the remainder when 2577529 is divided by 184.
57
What is the remainder when 1037224 is divided by 2321?
2058
What is the remainder when 13956646 is divided by 6?
4
What is the remainder when 18729 is divided by 18719?
10
What is the remainder when 288481 is divided by 144238?
5
What is the remainder when 1186752 is divided by 40?
32
Calculate the remainder when 153796 is divided by 6673.
317
What is the remainder when 1042186 is divided by 548?
438
Calculate the remainder when 6437975 is divided by 105.
5
What is the remainder when 2588 is divided by 1166?
256
Calculate the remainder when 184447 is divided by 92197.
53
Calculate the remainder when 2553258 is divided by 851083.
9
Calculate the remainder when 499460 is divided by 27740.
140
What is the remainder when 178720 is divided by 29668?
712
What is the remainder when 64645 is divided by 7600?
3845
What is the remainder when 1952035 is divided by 7566?
7
Calculate the remainder when 29366668 is divided by 147.
37
What is the remainder when 137723260 is divided by 1148?
1144
Calculate the remainder when 16360843 is divided by 9970.
73
Calculate the remainder when 168370478 is divided by 1328.
1326
What is the remainder when 853734 is divided by 39?
24
Calculate the remainder when 119125401 is divided by 1401475.
26
What is the remainder when 28038 is divided by 4306?
2202
What is the remainder when 51538397 is divided by 230?
227
Calculate the remainder when 148386 is divided by 288.
66
What is the remainder when 73360865 is divided by 375?
365
Calculate the remainder when 129939 is divided by 1166.
513
Calculate the remainder when 119371 is divided by 3164.
2303
What is the remainder when 2451481 is divided by 386?
381
Calculate the remainder when 8875287 is divided by 93.
18
What is the remainder when 59142 is divided by 719?
184
What is the remainder when 6097298 is divided by 277142?
174
What is the remainder when 399214380 is divided by 28?
12
Calculate the remainder when 350470 is divided by 1083.
661
Calculate the remainder when 2516688 is divided by 629172.
0
Calculate the remainder when 20456 is divided by 66.
62
What is the remainder when 13690316 is divided by 78?
68
Calculate the remainder when 773762 is divided by 1341.
5
Calculate the remainder when 19234316 is divided by 2247.
2243
What is the remainder when 97639 is divided by 48418?
803
Calculate the remainder when 6746448 is divided by 21215.
78
Calculate the remainder when 225696446 is divided by 175.
171
What is the remainder when 710882 is divided by 35543?
22
Calculate the remainder when 1183712 is divided by 786.
782
Calculate the remainder when 2257227 is divided by 1541.
1203
Calculate the remainder when 28371 is divided by 933.
381
Calculate the remainder when 6617022 is divided by 3308504.
14
Calculate the remainder when 443295 is divided by 5333.
656
Calculate the remainder when 151370337 is divided by 132.
129
Calculate the remainder when 2191165 is divided by 4805.
85
What is the remainder when 38649080 is divided by 29?
26
What is the remainder when 26600 is divided by 3356?
3108
Calculate the remainder when 6471 is divided by 1950.
621
What is the remainder when 26266303 is divided by 6566575?
3
Calculate the remainder when 476019 is divided by 314.
309
What is the remainder when 745560 is divided by 92?
84
What is the remainder when 71859 is divided by 35123?
1613
Calculate the remainder when 155925 is divided by 3996.
81
What is the remainder when 30859057 is divided by 96134?
43
Calculate the remainder when 84053 is divided by 16574.
1183
Calculate the remainder when 4313216 is divided by 691.
685
Calculate the remainder when 642894 is divided by 2656.
142
Calculate the remainder when 2459681 is divided by 2733.
2714
Calculate the remainder when 1858359 is divided by 371668.
19
What is the remainder when 77993 is divided by 255?
218
Calculate the remainder when 773329 is divided by 148.
29
What is the remainder when 598814 is divided by 3217?
452
Calculate the remainder when 1302529 is divided by 434105.
214
What is the remainder when 1181555 is divided by 6638?
6629
What is the remainder when 1983324 is divided by 1991?
288
Calculate the remainder when 521380 is divided by 95.
20
What is the remainder when 145610252 is divided by 2?
0
What is the remainder when 6566341 is divided by 3283151?
39
Calculate the remainder when 18101198 is divided by 6033683.
149
What is the remainder when 6920199 is divided by 175?
174
What is the remainder when 102965797 is divided by 35?
32
What is the remainder when 805348 is divided by 7?
5
What is the remainder when 40593737 is divided by 17?
15
Calculate the remainder when 54114 is divided by 26158.
1798
What is the remainder when 1942009 is divided by 388133?
1344
Calculate the remainder when 4375098 is divided by 354.
12
What is the remainder when 490040 is divided by 3752?
2280
Calculate the remainder when 7004347 is divided by 175.
147
Calculate the remainder when 720836 is divided by 531.
269
What is the remainder when 16964145 is divided by 4601?
258
What is the remainder when 440505 is divided by 6?
3
Calculate the remainder when 7414023 is divided by 285154.
19
Calculate the remainder when 3721724 is divided by 1820.
1644
What is the remainder when 48793 is divided by 16134?
391
What is the remainder when 93936 is divided by 46795?
346
What is the remainder when 327562 is divided by 294?
46
What is the remainder when 107394 is divided by 1034?
892
Calculate the remainder when 927624 is divided by 2467.
32
Calculate the remainder when 279113 is divided by 10333.
122
What is the remainder when 3976 is divided by 993?
4
Calculate the remainder when 766123 is divided by 766068.
55
Calculate the remainder when 6652434 is divided by 277180.
114
Calculate the remainder when 56624 is divided by 56621.
3
What is the remainder when 10096 is divided by 1097?
223
What is the remainder when 25991 is divided by 4541?
3286
What is the remainder when 3572127 is divided by 294?
27
What is the remainder when 138210 is divided by 5306?
254
What is the remainder when 70155 is divided by 475?
330
What is the remainder when 25753 is divided by 1641?
1138
What is the remainder when 6621 is divided by 1749?
1374
Calculate the remainder when 194575242 is divided by 336.
330
Calculate the remainder when 173252 is divided by 725.
702
What is the remainder when 732145 is divided by 15577?
26
What is the remainder when 7706834 is divided by 279?
17
Calculate the remainder when 70912609 is divided by 1286.
1283
Calculate the remainder when 30469482 is divided by 22.
10
Calculate the remainder when 5236229 is divided by 816.
773
What is the remainder when 49263 is divided by 49160?
103
Calculate the remainder when 94511507 is divided by 138.
137
What is the remainder when 134499 is divided by 65367?
3765
What is the remainder when 354066 is divided by 978?
30
Calculate the remainder when 72548021 is divided by 58.
55
Calculate the remainder when 444300 is divided by 4964.
2504
What is the remainder when 625723622 is divided by 125?
122
Calculate the remainder when 233927 is divided by 233722.
205
What is the remainder when 68424749 is divided by 11?
8
What is the remainder when 190526 is divided by 904?
686
What is the remainder when 45446 is divided by 2269?
66
What is the remainder when 10494952 is divided by 1311860?
72
What is the remainder when 300578 is divided by 3035?
113
What is the remainder when 26176 is divided by 12806?
564
Calculate the remainder when 31698 is divided by 2812.
766
Calculate the remainder when 30728127 is divided by 53.
52
What is the remainder when 28890 is divided by 1448?
1378
Calculate the remainder when 26844174 is divided by 8.
6
Calculate the remainder when 192414 is divided by 4304.
3038
What is the remainder when 581872 is divided by 272?
64
What is the remainder when 3078804 is divided by 1455?
24
What is the remainder when 442376 is divided by 2137?
17
Calculate th